e 11
-39872
Convert 230303 (base 4) to base 2.
101100110011
What is 14 (base 9) in base 16?
d
Convert -11403 (base 5) to base 13.
-508
971 (base 14) to base 7
5301
What is 10000100100 (base 2) in base 11?
884
Convert -210421 (base 5) to base 14.
-2790
What is 17412 (base 14) in base 5?
3332144
-302002 (base 4) to base 8
-6202
What is -90a (base 15) in base 5?
-31120
e594 (base 16) to base 15
12632
cb1 (base 16) to base 8
6261
Convert 265005 (base 7) to base 13.
19842
195 (base 12) to base 10
257
What is -2221144 (base 5) in base 3?
-1222101122
-126 (base 8) to base 10
-86
-4054 (base 6) to base 7
-2422
-11a (base 12) to base 14
-bc
What is 112201 (base 3) in base 16?
18d
Convert -766 (base 13) to base 11.
-a52
101032 (base 5) to base 4
303003
What is -2002013 (base 4) in base 11?
-6290
54311 (base 6) to base 13
351a
-1000111000101 (base 2) to base 13
-20bc
-5123 (base 9) to base 3
-12010210
243313 (base 5) to base 9
13561
-137 (base 8) to base 9
-115
-2052a (base 13) to base 11
-3a640
226 (base 7) to base 2
1110110
325 (base 13) to base 2
1000011010
-7a81 (base 16) to base 3
-1121000112
What is -3513 (base 7) in base 12?
-8b0
Convert -11a (base 11) to base 5.
-1032
-2222201 (base 3) to base 2
-100010000011
-381b (base 13) to base 8
-17437
Convert -2806 (base 9) to base 8.
-4100
-1060 (base 9) to base 7
-2166
-4567 (base 8) to base 13
-1145
Convert 2122021 (base 3) to base 5.
30144
What is 972 (base 13) in base 2?
11001001110
13052 (base 8) to base 11
4299
-202120222 (base 3) to base 5
-440021
110000111001 (base 2) to base 9
4256
What is -227a (base 12) in base 6?
-25434
-2371a (base 11) to base 5
-2043033
What is 55110 (base 6) in base 5?
220402
Convert -41461 (base 10) to base 5.
-2311321
Convert 134431 (base 5) to base 2.
1010111110000
What is -2641 (base 8) in base 12?
-a01
334341 (base 7) to base 11
40503
Convert -300201 (base 4) to base 8.
-6041
Convert -23532 (base 9) to base 3.
-210121002
What is -2be1 (base 15) in base 10?
-9436
What is 3020 (base 14) in base 15?
26aa
Convert -776 (base 8) to base 16.
-1fe
4563 (base 9) to base 10
3378
Convert -2297 (base 15) to base 13.
-345a
What is 272c (base 13) in base 7?
22241
What is 2477 (base 9) in base 2?
11100111100
What is 813 (base 9) in base 3?
220110
Convert 88637 (base 10) to base 16.
15a3d
-195b (base 13) to base 14
-1550
-4309 (base 12) to base 13
-3468
Convert a6 (base 15) to base 2.
10011100
Convert 1111000101000000 (base 2) to base 11.
42446
What is -bcc (base 16) in base 14?
-115a
What is 13a12 (base 12) in base 2?
110101011101110
-14a (base 16) to base 4
-11022
100221 (base 3) to base 10
268
14424 (base 13) to base 11
26656
-c3b (base 16) to base 15
-ddb
Convert -1243 (base 7) to base 6.
-2104
Convert 1205 (base 8) to base 7.
1611
72 (base 8) to base 16
3a
-882 (base 15) to base 6
-12522
2242 (base 6) to base 16
212
-715 (base 8) to base 11
-38a
Convert 263 (base 15) to base 2.
1000011111
Convert 145 (base 14) to base 13.
16a
What is 2302 (base 4) in base 3?
20121
Convert 1924 (base 12) to base 6.
22044
What is 53330 (base 8) in base 14?
8160
Convert 1406 (base 14) to base 8.
6716
12312310 (base 4) to base 6
334004
Convert -100215 (base 7) to base 8.
-41025
-45414 (base 7) to base 12
-6806
What is 6418 (base 13) in base 15?
41a4
Convert 331 (base 9) to base 5.
2041
c9bb (base 14) to base 3
1202211000
Convert -201202121 (base 3) to base 7.
-60001
Convert -d5 (base 14) to base 9.
-227
What is 14113 (base 5) in base 10?
1158
14e (base 16) to base 9
411
What is -22 (base 6) in base 10?
-14
Convert -1010011 (base 3) to base 12.
-57a
-1264 (base 9) to base 14
-4bb
-110001101000 (base 2) to base 12
-1a08
Convert -1317 (base 11) to base 16.
-6b0
-7379 (base 11) to base 13
-45a3
Convert -100201 (base 4) to base 5.
-13212
Convert -277a (base 11) to base 15.
-10eb
What is -466 (base 10) in base 3?
-122021
What is e6a4 (base 15) in base 14?
13aa6
-3330 (base 4) to base 16
-fc
125505 (base 6) to base 3
120221212
Convert 18212 (base 13) to base 14.
12d2a
What is -31425 (base 7) in base 10?
-7761
Convert -20c (base 13) to base 16.
-15e
1104 (base 5) to base 13
bb
What is -101011120 (base 3) in base 5?
-214123
What is -1946 (base 13) in base 6?
-25252
1023 (base 7) to base 12
260
10342 (base 15) to base 14
14a0a
Convert -2d6b (base 15) to base 2.
-10011000110000
-6856 (base 10) to base 11
-5173
Convert 1945 (base 10) to base 6.
13001
What is -274 (base 16) in base 9?
-767
Convert 122122 (base 3) to base 13.
2a8
Convert 2435 (base 6) to base 15.
29e
What is -200211 (base 3) in base 14?
-284
What is -a (base 13) in base 8?
-12
-13d (base 14) to base 8
-373
826 (base 11) to base 16
3e4
10233 (base 6) to base 13
82b
Convert 1238 (base 12) to base 4.
200030
Convert 240021 (base 5) to base 6.
104321
What is 892 (base 12) in base 5?
20022
Convert -10132100 (base 4) to base 12.
-a728
20122 (base 3) to base 8
263
Convert -105b0 (base 13) to base 6.
-344445
-1001010 (base 2) to base 3
-2202
What is 3a9 (base 15) in base 13?
4c2
Convert 122321 (base 4) to base 11.
1325
-201020200 (base 3) to base 16
-36cf
What is 10a (base 14) in base 10?
206
Convert 257 (base 9) to base 4.
3112
What is 58 (base 10) in base 9?
64
What is 14293 (base 10) in base 13?
6676
What is 14164 (base 8) in base 16?
1874
What is 180 (base 14) in base 8?
464
Convert -117 (base 8) to base 6.
-211
What is -3ca (base 14) in base 9?
-1041
Convert -23124 (base 5) to base 16.
-680
What is -11536 (base 7) in base 6?
-21544
What is 3ab (base 14) in base 6?
3231
Convert 22010302 (base 4) to base 12.
1ba6a
What is 4693 (base 11) in base 5?
144102
Convert 404 (base 10) to base 15.
1be
What is 10374 (base 11) in base 14?
56d7
3845 (base 9) to base 10
2876
What is 1710 (base 12) in base 14?
1004
22211020 (base 3) to base 11
4918
What is -336 (base 7) in base 8?
-256
What is -4486 (base 9) in base 3?
-11112220
What is -11031312 (base 4) in base 5?
-1140431
100123 (base 4) to base 6
4511
-46 (base 16) to base 3
-2121
Convert -134155 (base 6) to base 7.
-51506
-344424 (base 6) to base 12
-15114
-1434d (base 16) to base 7
-463204
Convert 11154 (base 11) to base 16.
3f18
189 (base 11) to base 15
e8
Convert -21132 (base 4) to base 11.
-501
Convert -12101 (base 4) to base 5.
-3101
3045 (base 10) to base 2
101111100101
-34355 (base 6) to base 4
-1030133
Convert -ecd (base 16) to base 11.
-2935
-564 (base 7) to base 13
-195
Convert -3837 (base 13) to base 5.
-223424
What is 130 (base 16) in base 4?
10300
What is 354 (base 10) in base 9?
433
Convert -2202112 (base 3) to base 12.
-11b8
What is 539 (base 11) in base 2?
1010000111
What is -1101223 (base 4) in base 16?
-146b
Convert -200102202 (base 3) to base 8.
-32177
What is -1b05 (base 12) in base 7?
-12446
Convert 11011110 (base 2) to base 13.
141
-1c95b (base 13) to base 11
-39514
-10011010001000011 (base 2) to base 4
-103101003
-3968 (base 11) to base 3
-21001222
Convert -92a (base 14) to base 3.
-2110202
Convert 200241 (base 5) to base 9.
8603
Convert -3513 (base 11) to base 15.
-1577
What is 2b6 (base 15) in base 6?
2513
Convert -11406 (base 8) to base 13.
-22a8
Convert 13300 (base 4) to base 9.
611
What is 110010010100 (base 2) in base 15?
e4a
What is -8157 (base 12) in base 5?
-422120
What is 24253 (base 7) in base 16?
18a6
31c (base 16) to base 3
1002111
Convert 935 (base 11) to base 3.
1112202
1843 (base 12) to base 5
43211
Convert -251652 (base 7) to base 11.
-31865
Convert -3220341 (base 5) to base 14.
-15bcb
Convert 131 (base 13) to base 15.
de
Convert -64025 (base 7) to base 3.
-210200002
21201010 (base 3) to base 4
1113303
What is -11c37 (base 13) in base 15?
-9adc
Convert 2253 (base 8) to base 11.
997
3a6 (base 13) to base 2
1010000011
Convert 3173 (base 8) to base 13.
9a8
What is -263 (base 12) in base 4?
-11223
What is -3004 (base 6) in base 7?
-1621
What is -1312302 (base 5) in base 12?
-13028
8140 (base 14) to base 12
10a24
Convert -4a02 (base 13) to base 8.
-24360
What is 1540 (base 10) in base 9?
2101
Convert 2020211 (base 4) to base 14.
3285
Convert -1430340 (base 5) to base 10.
-30095
1010000111000010 (base 2) to base 16
a1c2
Convert -9792 (base 15) to base 9.
-48012
What is 2926 (base 16) in base 3?
112110011
Convert -1112200 (base 3) to base 15.
-500
Convert -420 (base 8) to bas